{"id":3016,"date":"2018-07-30T11:30:46","date_gmt":"2018-07-30T14:30:46","guid":{"rendered":"https:\/\/www.empresa1.com.br\/?page_id=3016"},"modified":"2021-04-08T15:06:16","modified_gmt":"2021-04-08T18:06:16","slug":"transporte-publico","status":"publish","type":"page","link":"https:\/\/www.empresa1.com.br\/es\/transporte-publico\/","title":{"rendered":"Transporte P\u00fablico"},"content":{"rendered":"","protected":false},"excerpt":{"rendered":"","protected":false},"author":1,"featured_media":0,"parent":0,"menu_order":0,"comment_status":"closed","ping_status":"closed","template":"template-pages\/transporte.php","meta":{"_acf_changed":false,"footnotes":""},"class_list":["post-3016","page","type-page","status-publish","hentry"],"acf":[],"yoast_head":"<!-- This site is optimized with the Yoast SEO plugin v27.5 - https:\/\/yoast.com\/product\/yoast-seo-wordpress\/ -->\n<title>Transporte P\u00fablico - Empresa 1<\/title>\n<meta name=\"robots\" content=\"index, follow, max-snippet:-1, max-image-preview:large, max-video-preview:-1\" \/>\n<link rel=\"canonical\" href=\"https:\/\/www.empresa1.com.br\/es\/transporte-publico\/\" \/>\n<meta property=\"og:locale\" content=\"es_ES\" \/>\n<meta property=\"og:type\" content=\"article\" \/>\n<meta property=\"og:title\" content=\"Transporte P\u00fablico - Empresa 1\" \/>\n<meta property=\"og:url\" content=\"https:\/\/www.empresa1.com.br\/es\/transporte-publico\/\" \/>\n<meta property=\"og:site_name\" content=\"Empresa 1\" \/>\n<meta property=\"article:publisher\" content=\"https:\/\/www.facebook.com\/Empresa-1-474693149298847\/\" \/>\n<meta property=\"article:modified_time\" content=\"2021-04-08T18:06:16+00:00\" \/>\n<meta name=\"twitter:card\" content=\"summary_large_image\" \/>\n<script type=\"application\/ld+json\" class=\"yoast-schema-graph\">{\"@context\":\"https:\\\/\\\/schema.org\",\"@graph\":[{\"@type\":\"WebPage\",\"@id\":\"https:\\\/\\\/www.empresa1.com.br\\\/es\\\/transporte-publico\\\/\",\"url\":\"https:\\\/\\\/www.empresa1.com.br\\\/es\\\/transporte-publico\\\/\",\"name\":\"Transporte P\u00fablico - Empresa 1\",\"isPartOf\":{\"@id\":\"https:\\\/\\\/www.empresa1.com.br\\\/#website\"},\"datePublished\":\"2018-07-30T14:30:46+00:00\",\"dateModified\":\"2021-04-08T18:06:16+00:00\",\"breadcrumb\":{\"@id\":\"https:\\\/\\\/www.empresa1.com.br\\\/es\\\/transporte-publico\\\/#breadcrumb\"},\"inLanguage\":\"es\",\"potentialAction\":[{\"@type\":\"ReadAction\",\"target\":[\"https:\\\/\\\/www.empresa1.com.br\\\/es\\\/transporte-publico\\\/\"]}]},{\"@type\":\"BreadcrumbList\",\"@id\":\"https:\\\/\\\/www.empresa1.com.br\\\/es\\\/transporte-publico\\\/#breadcrumb\",\"itemListElement\":[{\"@type\":\"ListItem\",\"position\":1,\"name\":\"Home\",\"item\":\"https:\\\/\\\/www.empresa1.com.br\\\/es\\\/\"},{\"@type\":\"ListItem\",\"position\":2,\"name\":\"Transporte P\u00fablico\"}]},{\"@type\":\"WebSite\",\"@id\":\"https:\\\/\\\/www.empresa1.com.br\\\/#website\",\"url\":\"https:\\\/\\\/www.empresa1.com.br\\\/\",\"name\":\"Empresa 1\",\"description\":\"Solu\u00e7\u00f5es tecnol\u00f3gicas para transporte publico\",\"publisher\":{\"@id\":\"https:\\\/\\\/www.empresa1.com.br\\\/#organization\"},\"potentialAction\":[{\"@type\":\"SearchAction\",\"target\":{\"@type\":\"EntryPoint\",\"urlTemplate\":\"https:\\\/\\\/www.empresa1.com.br\\\/?s={search_term_string}\"},\"query-input\":{\"@type\":\"PropertyValueSpecification\",\"valueRequired\":true,\"valueName\":\"search_term_string\"}}],\"inLanguage\":\"es\"},{\"@type\":\"Organization\",\"@id\":\"https:\\\/\\\/www.empresa1.com.br\\\/#organization\",\"name\":\"Empresa 1\",\"url\":\"https:\\\/\\\/www.empresa1.com.br\\\/\",\"logo\":{\"@type\":\"ImageObject\",\"inLanguage\":\"es\",\"@id\":\"https:\\\/\\\/www.empresa1.com.br\\\/#\\\/schema\\\/logo\\\/image\\\/\",\"url\":\"https:\\\/\\\/www.empresa1.com.br\\\/wp-content\\\/uploads\\\/2019\\\/11\\\/empresa-1-logo.svg\",\"contentUrl\":\"https:\\\/\\\/www.empresa1.com.br\\\/wp-content\\\/uploads\\\/2019\\\/11\\\/empresa-1-logo.svg\",\"width\":1,\"height\":1,\"caption\":\"Empresa 1\"},\"image\":{\"@id\":\"https:\\\/\\\/www.empresa1.com.br\\\/#\\\/schema\\\/logo\\\/image\\\/\"},\"sameAs\":[\"https:\\\/\\\/www.facebook.com\\\/Empresa-1-474693149298847\\\/\",\"https:\\\/\\\/www.instagram.com\\\/empresa1tec\\\/\",\"https:\\\/\\\/www.linkedin.com\\\/company\\\/empresa-1\\\/\",\"https:\\\/\\\/www.youtube.com\\\/user\\\/Empresa1marketing\"]}]}<\/script>\n<!-- \/ Yoast SEO plugin. -->","yoast_head_json":{"title":"Transporte P\u00fablico - Empresa 1","robots":{"index":"index","follow":"follow","max-snippet":"max-snippet:-1","max-image-preview":"max-image-preview:large","max-video-preview":"max-video-preview:-1"},"canonical":"https:\/\/www.empresa1.com.br\/es\/transporte-publico\/","og_locale":"es_ES","og_type":"article","og_title":"Transporte P\u00fablico - Empresa 1","og_url":"https:\/\/www.empresa1.com.br\/es\/transporte-publico\/","og_site_name":"Empresa 1","article_publisher":"https:\/\/www.facebook.com\/Empresa-1-474693149298847\/","article_modified_time":"2021-04-08T18:06:16+00:00","twitter_card":"summary_large_image","schema":{"@context":"https:\/\/schema.org","@graph":[{"@type":"WebPage","@id":"https:\/\/www.empresa1.com.br\/es\/transporte-publico\/","url":"https:\/\/www.empresa1.com.br\/es\/transporte-publico\/","name":"Transporte P\u00fablico - Empresa 1","isPartOf":{"@id":"https:\/\/www.empresa1.com.br\/#website"},"datePublished":"2018-07-30T14:30:46+00:00","dateModified":"2021-04-08T18:06:16+00:00","breadcrumb":{"@id":"https:\/\/www.empresa1.com.br\/es\/transporte-publico\/#breadcrumb"},"inLanguage":"es","potentialAction":[{"@type":"ReadAction","target":["https:\/\/www.empresa1.com.br\/es\/transporte-publico\/"]}]},{"@type":"BreadcrumbList","@id":"https:\/\/www.empresa1.com.br\/es\/transporte-publico\/#breadcrumb","itemListElement":[{"@type":"ListItem","position":1,"name":"Home","item":"https:\/\/www.empresa1.com.br\/es\/"},{"@type":"ListItem","position":2,"name":"Transporte P\u00fablico"}]},{"@type":"WebSite","@id":"https:\/\/www.empresa1.com.br\/#website","url":"https:\/\/www.empresa1.com.br\/","name":"Empresa 1","description":"Solu\u00e7\u00f5es tecnol\u00f3gicas para transporte publico","publisher":{"@id":"https:\/\/www.empresa1.com.br\/#organization"},"potentialAction":[{"@type":"SearchAction","target":{"@type":"EntryPoint","urlTemplate":"https:\/\/www.empresa1.com.br\/?s={search_term_string}"},"query-input":{"@type":"PropertyValueSpecification","valueRequired":true,"valueName":"search_term_string"}}],"inLanguage":"es"},{"@type":"Organization","@id":"https:\/\/www.empresa1.com.br\/#organization","name":"Empresa 1","url":"https:\/\/www.empresa1.com.br\/","logo":{"@type":"ImageObject","inLanguage":"es","@id":"https:\/\/www.empresa1.com.br\/#\/schema\/logo\/image\/","url":"https:\/\/www.empresa1.com.br\/wp-content\/uploads\/2019\/11\/empresa-1-logo.svg","contentUrl":"https:\/\/www.empresa1.com.br\/wp-content\/uploads\/2019\/11\/empresa-1-logo.svg","width":1,"height":1,"caption":"Empresa 1"},"image":{"@id":"https:\/\/www.empresa1.com.br\/#\/schema\/logo\/image\/"},"sameAs":["https:\/\/www.facebook.com\/Empresa-1-474693149298847\/","https:\/\/www.instagram.com\/empresa1tec\/","https:\/\/www.linkedin.com\/company\/empresa-1\/","https:\/\/www.youtube.com\/user\/Empresa1marketing"]}]}},"_links":{"self":[{"href":"https:\/\/www.empresa1.com.br\/es\/wp-json\/wp\/v2\/pages\/3016","targetHints":{"allow":["GET"]}}],"collection":[{"href":"https:\/\/www.empresa1.com.br\/es\/wp-json\/wp\/v2\/pages"}],"about":[{"href":"https:\/\/www.empresa1.com.br\/es\/wp-json\/wp\/v2\/types\/page"}],"author":[{"embeddable":true,"href":"https:\/\/www.empresa1.com.br\/es\/wp-json\/wp\/v2\/users\/1"}],"replies":[{"embeddable":true,"href":"https:\/\/www.empresa1.com.br\/es\/wp-json\/wp\/v2\/comments?post=3016"}],"version-history":[{"count":0,"href":"https:\/\/www.empresa1.com.br\/es\/wp-json\/wp\/v2\/pages\/3016\/revisions"}],"wp:attachment":[{"href":"https:\/\/www.empresa1.com.br\/es\/wp-json\/wp\/v2\/media?parent=3016"}],"curies":[{"name":"wp","href":"https:\/\/api.w.org\/{rel}","templated":true}]}}

Transporte Público

<!-- This site is optimized with the Yoast SEO plugin v27.5 - https://yoast.com/product/yoast-seo-wordpress/ -->
<title>Transporte Público - Empresa 1</title>
<meta name="robots" content="index, follow, max-snippet:-1, max-image-preview:large, max-video-preview:-1" />
<link rel="canonical" href="https://www.empresa1.com.br/es/transporte-publico/" />
<meta property="og:locale" content="es_ES" />
<meta property="og:type" content="article" />
<meta property="og:title" content="Transporte Público - Empresa 1" />
<meta property="og:url" content="https://www.empresa1.com.br/es/transporte-publico/" />
<meta property="og:site_name" content="Empresa 1" />
<meta property="article:publisher" content="https://www.facebook.com/Empresa-1-474693149298847/" />
<meta property="article:modified_time" content="2021-04-08T18:06:16+00:00" />
<meta name="twitter:card" content="summary_large_image" />
<script type="application/ld+json" class="yoast-schema-graph">{"@context":"https:\/\/schema.org","@graph":[{"@type":"WebPage","@id":"https:\/\/www.empresa1.com.br\/es\/transporte-publico\/","url":"https:\/\/www.empresa1.com.br\/es\/transporte-publico\/","name":"Transporte Público - Empresa 1","isPartOf":{"@id":"https:\/\/www.empresa1.com.br\/#website"},"datePublished":"2018-07-30T14:30:46+00:00","dateModified":"2021-04-08T18:06:16+00:00","breadcrumb":{"@id":"https:\/\/www.empresa1.com.br\/es\/transporte-publico\/#breadcrumb"},"inLanguage":"es","potentialAction":[{"@type":"ReadAction","target":["https:\/\/www.empresa1.com.br\/es\/transporte-publico\/"]}]},{"@type":"BreadcrumbList","@id":"https:\/\/www.empresa1.com.br\/es\/transporte-publico\/#breadcrumb","itemListElement":[{"@type":"ListItem","position":1,"name":"Home","item":"https:\/\/www.empresa1.com.br\/es\/"},{"@type":"ListItem","position":2,"name":"Transporte Público"}]},{"@type":"WebSite","@id":"https:\/\/www.empresa1.com.br\/#website","url":"https:\/\/www.empresa1.com.br\/","name":"Empresa 1","description":"Soluções tecnológicas para transporte publico","publisher":{"@id":"https:\/\/www.empresa1.com.br\/#organization"},"potentialAction":[{"@type":"SearchAction","target":{"@type":"EntryPoint","urlTemplate":"https:\/\/www.empresa1.com.br\/?s={search_term_string}"},"query-input":{"@type":"PropertyValueSpecification","valueRequired":true,"valueName":"search_term_string"}}],"inLanguage":"es"},{"@type":"Organization","@id":"https:\/\/www.empresa1.com.br\/#organization","name":"Empresa 1","url":"https:\/\/www.empresa1.com.br\/","logo":{"@type":"ImageObject","inLanguage":"es","@id":"https:\/\/www.empresa1.com.br\/#\/schema\/logo\/image\/","url":"https:\/\/www.empresa1.com.br\/wp-content\/uploads\/2019\/11\/empresa-1-logo.svg","contentUrl":"https:\/\/www.empresa1.com.br\/wp-content\/uploads\/2019\/11\/empresa-1-logo.svg","width":1,"height":1,"caption":"Empresa 1"},"image":{"@id":"https:\/\/www.empresa1.com.br\/#\/schema\/logo\/image\/"},"sameAs":["https:\/\/www.facebook.com\/Empresa-1-474693149298847\/","https:\/\/www.instagram.com\/empresa1tec\/","https:\/\/www.linkedin.com\/company\/empresa-1\/","https:\/\/www.youtube.com\/user\/Empresa1marketing"]}]}</script>
<!-- / Yoast SEO plugin. -->

Transporte Público - Empresa 1

Soluções tecnológicas para transporte publico
